{"id":34,"date":"2024-11-29T20:21:36","date_gmt":"2024-11-29T19:21:36","guid":{"rendered":"http:\/\/zahnteam-herford.de\/?page_id=34"},"modified":"2026-04-05T11:09:07","modified_gmt":"2026-04-05T09:09:07","slug":"leistungsprofil","status":"publish","type":"page","link":"https:\/\/www.zahnteam-herford.de\/index.php\/leistungsprofil\/","title":{"rendered":"Leistungsprofil"},"content":{"rendered":"\n<figure class=\"wp-block-image alignfull\"><img loading=\"lazy\" decoding=\"async\" width=\"1000\" height=\"240\" src=\"http:\/\/zahnteam-herford.de\/wp-content\/uploads\/2024\/11\/head3.jpg\" alt=\"\" class=\"wp-image-106\"\/><\/figure>\n\n\n\n<p><\/p>\n\n\n\n<div class=\"wp-block-columns is-layout-flex wp-container-core-columns-is-layout-88f68325 wp-block-columns-is-layout-flex\" style=\"padding-right:0rem;padding-left:0rem\">\n<div class=\"wp-block-column is-layout-flow wp-block-column-is-layout-flow\">\n<h3 class=\"wp-block-heading\"><strong>Unsere Praxis ist Ihr Ansprechpartner f\u00fcr alle Fragen rund um die Zahngesundheit.<\/strong><\/h3>\n\n\n\n<p class=\"has-medium-font-size\">Die Voraussetzungen f\u00fcr eine gute zahn\u00e4rztliche Betreuung sehen wir im Vertrauen zwischen den Patienten und dem Zahnarzt, einer umfassenden Beratung sowie kompetenter Behandlung.<\/p>\n\n\n\n<p><\/p>\n\n\n\n<h3 class=\"wp-block-heading\"><strong>Daf\u00fcr tun wir alles.<\/strong><\/h3>\n\n\n\n<p class=\"has-medium-font-size\">Unser Konzept ist auf qualitativ hochwertige und zahnschonende Behandlungen sowie dauerhafte Versorgung ausgerichtet.<\/p>\n<\/div>\n\n\n\n<div class=\"wp-block-column is-layout-flow wp-block-column-is-layout-flow\">\n<h3 class=\"wp-block-heading\"><strong>Hier finden Sie einen \u00dcberblick \u00fcber unser umfassendes Behandlungsspektrum.<\/strong><\/h3>\n\n\n\n<ul class=\"wp-block-list\">\n<li class=\"has-medium-font-size\"><a href=\"#implantologie\">Implantologie<\/a><\/li>\n\n\n\n<li class=\"has-medium-font-size\"><a href=\"#parodontologie\">Parodontologie<\/a><\/li>\n\n\n\n<li class=\"has-medium-font-size\"><a href=\"#individualprophylaxe\">Individualprophylaxe<\/a><\/li>\n\n\n\n<li class=\"has-medium-font-size\"><a href=\"#asthetische-zahnheilkunde\">\u00c4sthetische Zahnheilkunde<\/a><\/li>\n\n\n\n<li class=\"has-medium-font-size\"><a href=\"#laserbehandlung\">Laserbehandlung<\/a><\/li>\n\n\n\n<li class=\"has-medium-font-size\"><a href=\"#eigenes-praxislabor\">Eigenes Praxislabor<\/a><\/li>\n\n\n\n<li class=\"has-medium-font-size\"><a href=\"#digitale-r\u00f6ntgendiagnostik\">Digitale R\u00f6ntgendiagnostik<\/a><\/li>\n\n\n\n<li class=\"has-medium-font-size\"><a href=\"#schnarchprobleme\">Therapie bei Schnarchproblemen<\/a><\/li>\n<\/ul>\n<\/div>\n<\/div>\n\n\n\n<div class=\"wp-block-columns is-layout-flex wp-container-core-columns-is-layout-88f68325 wp-block-columns-is-layout-flex\" style=\"padding-right:0rem;padding-left:0rem\">\n<div class=\"wp-block-column is-layout-flow wp-block-column-is-layout-flow\" id=\"implantologie\">\n<h3 class=\"wp-block-heading\"><strong><strong>Implantologie<\/strong><\/strong><\/h3>\n\n\n\n<p class=\"has-medium-font-size\">Ein Implantat ist eine kleine Titanschraube.<br>Unter \u00f6rtlicher Bet\u00e4ubung wird sie in den Kieferknochen eingesetzt, um dann mit ihm zu verwachsen. Hierdurch erh\u00e4lt man ein stabiles Fundament f\u00fcr den Ersatz von einzelnen oder auch mehreren verloren gegangenen Z\u00e4hnen, bis hin zur Totalprothese.<\/p>\n\n\n\n<p class=\"has-medium-font-size\">Eine 40-j\u00e4hrige Entwicklungsgeschichte und Erfolgsraten von \u00fcber 95&nbsp;% sprechen f\u00fcr sich! In unserer Praxis k\u00f6nnen wir auf einen 20-j\u00e4hrigen Erfahrungsschatz zur\u00fcckgreifen.<br>Mehr unter&nbsp;<a href=\"http:\/\/www.straumann.com\/\" target=\"_blank\" rel=\"noreferrer noopener\">www.straumann.com<\/a>.<\/p>\n<\/div>\n\n\n\n<div class=\"wp-block-column is-layout-flow wp-block-column-is-layout-flow\" id=\"parodontologie\">\n<h3 class=\"wp-block-heading\"><strong>Parodontologie<\/strong><\/h3>\n\n\n\n<p class=\"has-medium-font-size\">Parodontitis (fr\u00fcher Parodontose) ist eine Entz\u00fcndung des Zahnhalteapparates. Unbehandelt f\u00fchrt diese chronische Infektion zur Zerst\u00f6rung des Kieferknochens, die Z\u00e4hne lockern sich und k\u00f6nnen ggf. ganz verloren gehen.<\/p>\n\n\n\n<p class=\"has-medium-font-size\">Weitere Folgen einer unbehandelten Parodontitis gehen mit einer erh\u00f6hten Wahrscheinlichkeit f\u00fcr Herzerkrankungen, Diabetes und Risikoschwangerschaften einher.<\/p>\n\n\n\n<p class=\"has-medium-font-size\">Eine bereits bestehende Parodontitis kann durch eine systematische Behandlung meist zum Stillstand gebracht werden. Um schon die ersten Krankheitszeichen einer beginnenden Parodontitis zu erkennen, kontrollieren wir an unseren Patienten regelm\u00e4\u00dfig den sogenannten Parodontalen Screening Index (PSI).<\/p>\n<\/div>\n<\/div>\n\n\n\n<div class=\"wp-block-columns is-layout-flex wp-container-core-columns-is-layout-88f68325 wp-block-columns-is-layout-flex\" style=\"padding-right:0rem;padding-left:0rem\">\n<div class=\"wp-block-column is-layout-flow wp-block-column-is-layout-flow\" id=\"individualprophylaxe\">\n<h3 class=\"wp-block-heading\"><strong>Individualprophylaxe<\/strong><\/h3>\n\n\n\n<p class=\"has-medium-font-size\">F\u00fcr Kinder:<br>Ab dem 6. Lebensjahr kommen die Kinder bei uns in die \u201eZahnputzschule\u201c. Hier werden effektive Zahnputzmethoden gelernt und Tipps zur gesunden Ern\u00e4hrung gegeben.<\/p>\n\n\n\n<p class=\"has-medium-font-size\">F\u00fcr Erwachsene:<br>Die professionelle Zahnreinigung (PZR) und eine auf Sie individuell abgestimmte Prophylaxe schaffen die Basis f\u00fcr gesunde Z\u00e4hne und gesundes Zahnfleisch ein Leben lang.<\/p>\n<\/div>\n\n\n\n<div class=\"wp-block-column is-layout-flow wp-block-column-is-layout-flow\" id=\"asthetische-zahnheilkunde\">\n<h3 class=\"wp-block-heading\"><strong>\u00c4sthetische Zahnheilkunde<\/strong><\/h3>\n\n\n\n<p class=\"has-medium-font-size\">Die Entwicklungen der letzten Jahre im Bereich der Zahnmedizin und Zahntechnik machen es m\u00f6glich. Mit Materialien aus Keramik oder Composite (Kunststoff) k\u00f6nnen wir Ihre Z\u00e4hne \u2013 fast unsichtbar \u2013 reparieren.<\/p>\n\n\n\n<p class=\"has-medium-font-size\">Bei kleineren Sch\u00e4den bieten sich Mehrschichtf\u00fcllungen aus zahnfarbenem Kunststoff an.<\/p>\n\n\n\n<p class=\"has-medium-font-size\">Eine weitere M\u00f6glichkeit, die Z\u00e4hne dauerhaft und optisch perfekt zu restaurieren, sind Inlays aus Keramik.<br>Neben laborgefertigten Inlays bieten wir Ihnen Inlays aus dem CEREC System an. CEREC steht f\u00fcr Ceramik REConstruktion und ist ein Verfahren zur direkten Herstellung von gefr\u00e4sten Keramik \u2013 Restaurationen durch einen Computer.<\/p>\n\n\n\n<p class=\"has-medium-font-size\">Ihr Vorteil: Sie erhalten diese hochwertige Versorgung innerhalb nur einer Sitzung, ganz ohne Abformung und Provisorien.<\/p>\n<\/div>\n<\/div>\n\n\n\n<div class=\"wp-block-columns is-layout-flex wp-container-core-columns-is-layout-88f68325 wp-block-columns-is-layout-flex\" style=\"padding-right:0rem;padding-left:0rem\">\n<div class=\"wp-block-column is-layout-flow wp-block-column-is-layout-flow\" id=\"laserbehandlung\">\n<h3 class=\"wp-block-heading\"><strong>Laserbehandlung<\/strong><\/h3>\n\n\n\n<p class=\"has-medium-font-size\">Der Diodenlaser&nbsp;findet in der Praxis eine Vielzahl an Einsatzgebieten:&nbsp;<\/p>\n\n\n\n<ul class=\"wp-block-list\">\n<li class=\"has-medium-font-size\">Desensibilisierung \u00fcberempfindlicher Zahnh\u00e4lse<\/li>\n\n\n\n<li class=\"has-medium-font-size\">Laserbleaching (nur 1 Sitzung n\u00f6tig)<\/li>\n\n\n\n<li class=\"has-medium-font-size\">Unterst\u00fctzung in der Parodontitisbehandlung (aufgrund der immunstimulierenden Wirkung kann auf&nbsp;die Gabe von Antibiotika verzichtet werden)<\/li>\n\n\n\n<li class=\"has-medium-font-size\">Aphthenbehandlung<\/li>\n\n\n\n<li class=\"has-medium-font-size\">Herpes, der im Anfangsstadium mit Laser behandelt wird, tritt seltener auf oder verschwindet vollst\u00e4ndig<\/li>\n\n\n\n<li class=\"has-medium-font-size\">Chirurgische Eingriffe<br>wie z.B. das Entfernen von Lippenb\u00e4ndchen<br>Vorteil: blutungsfrei, keine Naht erforderlich<\/li>\n\n\n\n<li class=\"has-medium-font-size\">Unterst\u00fctzung in der Wundheilung nach chirurgischen Eingriffen oder Druckstellen<\/li>\n\n\n\n<li class=\"has-medium-font-size\">Desinfektion von Wurzelkan\u00e4len<\/li>\n<\/ul>\n<\/div>\n\n\n\n<div class=\"wp-block-column is-layout-flow wp-block-column-is-layout-flow\" id=\"eigenes-praxislabor\">\n<h3 class=\"wp-block-heading\"><strong>Eigenes Praxislabor<\/strong><\/h3>\n\n\n\n<p class=\"has-medium-font-size\">Unsere Techniker arbeiten f\u00fcr Sie vor Ort:<\/p>\n\n\n\n<p class=\"has-medium-font-size\">Sowohl technische Beratung als auch eventuelle Korrekturen und Reparaturen erfolgen ohne lange Wege und Wartezeiten.<br>Von der Planung bis zur Fertigstellung des Zahnersatzes sind unsere Techniker mit einbezogen und k\u00f6nnen so mit Ihnen zusammen ganz individuell Form und Farbe Ihres Zahnersatzes ausw\u00e4hlen.<\/p>\n<\/div>\n<\/div>\n\n\n\n<div class=\"wp-block-columns is-layout-flex wp-container-core-columns-is-layout-88f68325 wp-block-columns-is-layout-flex\" style=\"padding-right:0rem;padding-left:0rem\">\n<div class=\"wp-block-column is-layout-flow wp-block-column-is-layout-flow\" id=\"digitale-r\u00f6ntgendiagnostik\">\n<h3 class=\"wp-block-heading\"><strong>Digitale R\u00f6ntgendiagnostik<\/strong><\/h3>\n\n\n\n<p class=\"has-medium-font-size\">Beim digitalen R\u00f6ntgen handelt es sich um eine hochmoderne Diagnostikmethode, die bei minimaler Strahlenbelastung eine sehr hohe Bildqualit\u00e4t liefert. Folgende digitale R\u00f6ntgenverfahren sind bei uns m\u00f6glich:&nbsp;<\/p>\n\n\n\n<ul class=\"wp-block-list has-medium-font-size\">\n<li>Einzelaufnahmen<\/li>\n\n\n\n<li>Panoramaschichtaufnahmen<\/li>\n\n\n\n<li>DVT (3D) &#8211; R\u00f6ntgen<\/li>\n<\/ul>\n<\/div>\n\n\n\n<div class=\"wp-block-column is-layout-flow wp-block-column-is-layout-flow\" id=\"schnarchprobleme\">\n<h3 class=\"wp-block-heading\"><strong>Therapie bei Schnarchproblemen und schlafbezogenen Atmungsst\u00f6rungen (obstruktive Apnoe)<\/strong><\/h3>\n\n\n\n<p class=\"has-medium-font-size\">Der Einsatz einer sogenannten Unterkiefer-Protrusions-Schiene verhindert, dass die Zunge und die erschlaffte Rachenmuskulatur im Schlaf nach hinten sinkt. Dadurch wird ein erholsamer Schlaf gef\u00f6rdert.<\/p>\n<\/div>\n<\/div>\n\n\n\n<p><\/p>\n","protected":false},"excerpt":{"rendered":"<p>Unsere Praxis ist Ihr Ansprechpartner f\u00fcr alle Fragen rund um die Zahngesundheit. Die Voraussetzungen f\u00fcr eine gute zahn\u00e4rztliche Betreuung sehen wir im Vertrauen zwischen den Patienten und dem Zahnarzt, einer umfassenden Beratung sowie kompetenter Behandlung. Daf\u00fcr tun wir alles. Unser Konzept ist auf qualitativ hochwertige und zahnschonende Behandlungen sowie dauerhafte Versorgung ausgerichtet. Hier finden Sie&hellip;&nbsp;<a href=\"https:\/\/www.zahnteam-herford.de\/index.php\/leistungsprofil\/\" rel=\"bookmark\">Weiterlesen &raquo;<span class=\"screen-reader-text\">Leistungsprofil<\/span><\/a><\/p>\n","protected":false},"author":1,"featured_media":0,"parent":0,"menu_order":0,"comment_status":"closed","ping_status":"closed","template":"","meta":{"neve_meta_sidebar":"","neve_meta_container":"","neve_meta_enable_content_width":"","neve_meta_content_width":0,"neve_meta_title_alignment":"","neve_meta_author_avatar":"","neve_post_elements_order":"","neve_meta_disable_header":"","neve_meta_disable_footer":"","neve_meta_disable_title":"on","iawp_total_views":770,"footnotes":""},"class_list":["post-34","page","type-page","status-publish","hentry"],"_links":{"self":[{"href":"https:\/\/www.zahnteam-herford.de\/index.php\/wp-json\/wp\/v2\/pages\/34","targetHints":{"allow":["GET"]}}],"collection":[{"href":"https:\/\/www.zahnteam-herford.de\/index.php\/wp-json\/wp\/v2\/pages"}],"about":[{"href":"https:\/\/www.zahnteam-herford.de\/index.php\/wp-json\/wp\/v2\/types\/page"}],"author":[{"embeddable":true,"href":"https:\/\/www.zahnteam-herford.de\/index.php\/wp-json\/wp\/v2\/users\/1"}],"replies":[{"embeddable":true,"href":"https:\/\/www.zahnteam-herford.de\/index.php\/wp-json\/wp\/v2\/comments?post=34"}],"version-history":[{"count":19,"href":"https:\/\/www.zahnteam-herford.de\/index.php\/wp-json\/wp\/v2\/pages\/34\/revisions"}],"predecessor-version":[{"id":418,"href":"https:\/\/www.zahnteam-herford.de\/index.php\/wp-json\/wp\/v2\/pages\/34\/revisions\/418"}],"wp:attachment":[{"href":"https:\/\/www.zahnteam-herford.de\/index.php\/wp-json\/wp\/v2\/media?parent=34"}],"curies":[{"name":"wp","href":"https:\/\/api.w.org\/{rel}","templated":true}]}}

<figure class="wp-block-image alignfull"><img loading="lazy" decoding="async" width="1000" height="240" src="http://zahnteam-herford.de/wp-content/uploads/2024/11/head3.jpg" alt="" class="wp-image-106"/></figure>



<p></p>



<div class="wp-block-columns is-layout-flex wp-container-core-columns-is-layout-88f68325 wp-block-columns-is-layout-flex" style="padding-right:0rem;padding-left:0rem">
<div class="wp-block-column is-layout-flow wp-block-column-is-layout-flow">
<h3 class="wp-block-heading"><strong>Unsere Praxis ist Ihr Ansprechpartner für alle Fragen rund um die Zahngesundheit.</strong></h3>



<p class="has-medium-font-size">Die Voraussetzungen für eine gute zahnärztliche Betreuung sehen wir im Vertrauen zwischen den Patienten und dem Zahnarzt, einer umfassenden Beratung sowie kompetenter Behandlung.</p>



<p></p>



<h3 class="wp-block-heading"><strong>Dafür tun wir alles.</strong></h3>



<p class="has-medium-font-size">Unser Konzept ist auf qualitativ hochwertige und zahnschonende Behandlungen sowie dauerhafte Versorgung ausgerichtet.</p>
</div>



<div class="wp-block-column is-layout-flow wp-block-column-is-layout-flow">
<h3 class="wp-block-heading"><strong>Hier finden Sie einen Überblick über unser umfassendes Behandlungsspektrum.</strong></h3>



<ul class="wp-block-list">
<li class="has-medium-font-size"><a href="#implantologie">Implantologie</a></li>



<li class="has-medium-font-size"><a href="#parodontologie">Parodontologie</a></li>



<li class="has-medium-font-size"><a href="#individualprophylaxe">Individualprophylaxe</a></li>



<li class="has-medium-font-size"><a href="#asthetische-zahnheilkunde">Ästhetische Zahnheilkunde</a></li>



<li class="has-medium-font-size"><a href="#laserbehandlung">Laserbehandlung</a></li>



<li class="has-medium-font-size"><a href="#eigenes-praxislabor">Eigenes Praxislabor</a></li>



<li class="has-medium-font-size"><a href="#digitale-röntgendiagnostik">Digitale Röntgendiagnostik</a></li>



<li class="has-medium-font-size"><a href="#schnarchprobleme">Therapie bei Schnarchproblemen</a></li>
</ul>
</div>
</div>



<div class="wp-block-columns is-layout-flex wp-container-core-columns-is-layout-88f68325 wp-block-columns-is-layout-flex" style="padding-right:0rem;padding-left:0rem">
<div class="wp-block-column is-layout-flow wp-block-column-is-layout-flow" id="implantologie">
<h3 class="wp-block-heading"><strong><strong>Implantologie</strong></strong></h3>



<p class="has-medium-font-size">Ein Implantat ist eine kleine Titanschraube.<br>Unter örtlicher Betäubung wird sie in den Kieferknochen eingesetzt, um dann mit ihm zu verwachsen. Hierdurch erhält man ein stabiles Fundament für den Ersatz von einzelnen oder auch mehreren verloren gegangenen Zähnen, bis hin zur Totalprothese.</p>



<p class="has-medium-font-size">Eine 40-jährige Entwicklungsgeschichte und Erfolgsraten von über 95&nbsp;% sprechen für sich! In unserer Praxis können wir auf einen 20-jährigen Erfahrungsschatz zurückgreifen.<br>Mehr unter&nbsp;<a href="http://www.straumann.com/" target="_blank" rel="noreferrer noopener">www.straumann.com</a>.</p>
</div>



<div class="wp-block-column is-layout-flow wp-block-column-is-layout-flow" id="parodontologie">
<h3 class="wp-block-heading"><strong>Parodontologie</strong></h3>



<p class="has-medium-font-size">Parodontitis (früher Parodontose) ist eine Entzündung des Zahnhalteapparates. Unbehandelt führt diese chronische Infektion zur Zerstörung des Kieferknochens, die Zähne lockern sich und können ggf. ganz verloren gehen.</p>



<p class="has-medium-font-size">Weitere Folgen einer unbehandelten Parodontitis gehen mit einer erhöhten Wahrscheinlichkeit für Herzerkrankungen, Diabetes und Risikoschwangerschaften einher.</p>



<p class="has-medium-font-size">Eine bereits bestehende Parodontitis kann durch eine systematische Behandlung meist zum Stillstand gebracht werden. Um schon die ersten Krankheitszeichen einer beginnenden Parodontitis zu erkennen, kontrollieren wir an unseren Patienten regelmäßig den sogenannten Parodontalen Screening Index (PSI).</p>
</div>
</div>



<div class="wp-block-columns is-layout-flex wp-container-core-columns-is-layout-88f68325 wp-block-columns-is-layout-flex" style="padding-right:0rem;padding-left:0rem">
<div class="wp-block-column is-layout-flow wp-block-column-is-layout-flow" id="individualprophylaxe">
<h3 class="wp-block-heading"><strong>Individualprophylaxe</strong></h3>



<p class="has-medium-font-size">Für Kinder:<br>Ab dem 6. Lebensjahr kommen die Kinder bei uns in die „Zahnputzschule“. Hier werden effektive Zahnputzmethoden gelernt und Tipps zur gesunden Ernährung gegeben.</p>



<p class="has-medium-font-size">Für Erwachsene:<br>Die professionelle Zahnreinigung (PZR) und eine auf Sie individuell abgestimmte Prophylaxe schaffen die Basis für gesunde Zähne und gesundes Zahnfleisch ein Leben lang.</p>
</div>



<div class="wp-block-column is-layout-flow wp-block-column-is-layout-flow" id="asthetische-zahnheilkunde">
<h3 class="wp-block-heading"><strong>Ästhetische Zahnheilkunde</strong></h3>



<p class="has-medium-font-size">Die Entwicklungen der letzten Jahre im Bereich der Zahnmedizin und Zahntechnik machen es möglich. Mit Materialien aus Keramik oder Composite (Kunststoff) können wir Ihre Zähne – fast unsichtbar – reparieren.</p>



<p class="has-medium-font-size">Bei kleineren Schäden bieten sich Mehrschichtfüllungen aus zahnfarbenem Kunststoff an.</p>



<p class="has-medium-font-size">Eine weitere Möglichkeit, die Zähne dauerhaft und optisch perfekt zu restaurieren, sind Inlays aus Keramik.<br>Neben laborgefertigten Inlays bieten wir Ihnen Inlays aus dem CEREC System an. CEREC steht für Ceramik REConstruktion und ist ein Verfahren zur direkten Herstellung von gefrästen Keramik – Restaurationen durch einen Computer.</p>



<p class="has-medium-font-size">Ihr Vorteil: Sie erhalten diese hochwertige Versorgung innerhalb nur einer Sitzung, ganz ohne Abformung und Provisorien.</p>
</div>
</div>



<div class="wp-block-columns is-layout-flex wp-container-core-columns-is-layout-88f68325 wp-block-columns-is-layout-flex" style="padding-right:0rem;padding-left:0rem">
<div class="wp-block-column is-layout-flow wp-block-column-is-layout-flow" id="laserbehandlung">
<h3 class="wp-block-heading"><strong>Laserbehandlung</strong></h3>



<p class="has-medium-font-size">Der Diodenlaser&nbsp;findet in der Praxis eine Vielzahl an Einsatzgebieten:&nbsp;</p>



<ul class="wp-block-list">
<li class="has-medium-font-size">Desensibilisierung überempfindlicher Zahnhälse</li>



<li class="has-medium-font-size">Laserbleaching (nur 1 Sitzung nötig)</li>



<li class="has-medium-font-size">Unterstützung in der Parodontitisbehandlung (aufgrund der immunstimulierenden Wirkung kann auf&nbsp;die Gabe von Antibiotika verzichtet werden)</li>



<li class="has-medium-font-size">Aphthenbehandlung</li>



<li class="has-medium-font-size">Herpes, der im Anfangsstadium mit Laser behandelt wird, tritt seltener auf oder verschwindet vollständig</li>



<li class="has-medium-font-size">Chirurgische Eingriffe<br>wie z.B. das Entfernen von Lippenbändchen<br>Vorteil: blutungsfrei, keine Naht erforderlich</li>



<li class="has-medium-font-size">Unterstützung in der Wundheilung nach chirurgischen Eingriffen oder Druckstellen</li>



<li class="has-medium-font-size">Desinfektion von Wurzelkanälen</li>
</ul>
</div>



<div class="wp-block-column is-layout-flow wp-block-column-is-layout-flow" id="eigenes-praxislabor">
<h3 class="wp-block-heading"><strong>Eigenes Praxislabor</strong></h3>



<p class="has-medium-font-size">Unsere Techniker arbeiten für Sie vor Ort:</p>



<p class="has-medium-font-size">Sowohl technische Beratung als auch eventuelle Korrekturen und Reparaturen erfolgen ohne lange Wege und Wartezeiten.<br>Von der Planung bis zur Fertigstellung des Zahnersatzes sind unsere Techniker mit einbezogen und können so mit Ihnen zusammen ganz individuell Form und Farbe Ihres Zahnersatzes auswählen.</p>
</div>
</div>



<div class="wp-block-columns is-layout-flex wp-container-core-columns-is-layout-88f68325 wp-block-columns-is-layout-flex" style="padding-right:0rem;padding-left:0rem">
<div class="wp-block-column is-layout-flow wp-block-column-is-layout-flow" id="digitale-röntgendiagnostik">
<h3 class="wp-block-heading"><strong>Digitale Röntgendiagnostik</strong></h3>



<p class="has-medium-font-size">Beim digitalen Röntgen handelt es sich um eine hochmoderne Diagnostikmethode, die bei minimaler Strahlenbelastung eine sehr hohe Bildqualität liefert. Folgende digitale Röntgenverfahren sind bei uns möglich:&nbsp;</p>



<ul class="wp-block-list has-medium-font-size">
<li>Einzelaufnahmen</li>



<li>Panoramaschichtaufnahmen</li>



<li>DVT (3D) &#8211; Röntgen</li>
</ul>
</div>



<div class="wp-block-column is-layout-flow wp-block-column-is-layout-flow" id="schnarchprobleme">
<h3 class="wp-block-heading"><strong>Therapie bei Schnarchproblemen und schlafbezogenen Atmungsstörungen (obstruktive Apnoe)</strong></h3>



<p class="has-medium-font-size">Der Einsatz einer sogenannten Unterkiefer-Protrusions-Schiene verhindert, dass die Zunge und die erschlaffte Rachenmuskulatur im Schlaf nach hinten sinkt. Dadurch wird ein erholsamer Schlaf gefördert.</p>
</div>
</div>



<p></p>

<p>Unsere Praxis ist Ihr Ansprechpartner für alle Fragen rund um die Zahngesundheit. Die Voraussetzungen für eine gute zahnärztliche Betreuung sehen wir im Vertrauen zwischen den Patienten und dem Zahnarzt, einer umfassenden Beratung sowie kompetenter Behandlung. Dafür tun wir alles. Unser Konzept ist auf qualitativ hochwertige und zahnschonende Behandlungen sowie dauerhafte Versorgung ausgerichtet. Hier finden Sie&hellip;&nbsp;<a href="https://www.zahnteam-herford.de/index.php/leistungsprofil/" rel="bookmark">Weiterlesen &raquo;<span class="screen-reader-text">Leistungsprofil</span></a></p>
