{"id":8,"date":"2024-11-29T19:37:04","date_gmt":"2024-11-29T18:37:04","guid":{"rendered":"http:\/\/zahnteam-herford.de\/?page_id=8"},"modified":"2026-04-05T10:53:51","modified_gmt":"2026-04-05T08:53:51","slug":"startseite","status":"publish","type":"page","link":"https:\/\/www.zahnteam-herford.de\/","title":{"rendered":"Startseite"},"content":{"rendered":"\n<figure class=\"wp-block-image alignfull size-full\"><img loading=\"lazy\" decoding=\"async\" width=\"1000\" height=\"240\" src=\"http:\/\/zahnteam-herford.de\/wp-content\/uploads\/2024\/11\/Header.jpg\" alt=\"\" class=\"wp-image-20\"\/><\/figure>\n\n\n\n<p><\/p>\n\n\n\n<h1 class=\"wp-block-heading\">Zahnarztpraxis<br>Dr. Sabine G\u00f6hner<\/h1>\n\n\n\n<hr class=\"wp-block-separator has-alpha-channel-opacity\"\/>\n\n\n<style>.big-number {margin-bottom: -140px!important;z-index: -1!important;line-height: 1em!important;}h1,h2,h3,h4 {margin-bottom: 1rem;}<\/style>\n\n\n<div class=\"wp-block-columns is-layout-flex wp-container-core-columns-is-layout-88f68325 wp-block-columns-is-layout-flex\" style=\"padding-right:0rem;padding-left:0rem\">\n<div class=\"wp-block-column is-layout-flow wp-block-column-is-layout-flow\" style=\"flex-basis:66.66%\">\n<h3 class=\"wp-block-heading\">Diese Seiten geben Ihnen einen \u00dcberblick \u00fcber unsere Zahnarztpraxis in Herford \/ Elverdissen.<\/h3>\n\n\n\n<p style=\"padding-top:0px;padding-bottom:0px;font-size:17px\">Sie suchen eine Zahn\u00e4rztin oder einen Zahnarzt?<br>Ganz gleich, mit welchen W\u00fcnschen oder Sorgen Sie zu uns kommen, wir nehmen uns Zeit und erarbeiten mit Ihnen zusammen die richtige Therapie, um Ihre Vorstellungen zu erf\u00fcllen.<\/p>\n\n\n\n<p><\/p>\n\n\n\n<h3 class=\"wp-block-heading\">F\u00fcr Ihr sch\u00f6nes L\u00e4cheln und gesunde Z\u00e4hne &#8211; ein Leben lang.<\/h3>\n\n\n\n<ul class=\"wp-block-list has-medium-font-size\">\n<li style=\"font-size:17px\">Keine Wartezeiten, da ausschlie\u00dfliche Bestellpraxis<\/li>\n\n\n\n<li style=\"font-size:17px\">Recall\u2013Service<br>Erinnerung an Vorsorgetermine per Post oder Telefon<\/li>\n\n\n\n<li style=\"font-size:17px\">Reparatur \u2013 Service<br>Schnellstm\u00f6gliche Reparatur durch praxiseigenes Labor<\/li>\n\n\n\n<li style=\"font-size:17px\">Hausbesuche f\u00fcr immobile Patienten nach telefonischer Absprache<\/li>\n\n\n\n<li style=\"font-size:17px\">Prophylaxe \u2013 Shop<br>Mundhygieneprodukte direkt vor Ort, \u00fcber die verschiedenen auf dem Markt befindlichen Produkte beraten wir Sie gerne.<\/li>\n\n\n\n<li style=\"font-size:17px\">Barrierefreie Praxis<\/li>\n\n\n\n<li style=\"font-size:17px\">Gute Erreichbarkeit per Bus &#8211; Haltestelle direkt vor der Praxis<\/li>\n\n\n\n<li style=\"font-size:17px\">Praxiseigene Stellpl\u00e4tze in ausreichender Zahl direkt am Haus<\/li>\n\n\n\n<li style=\"font-size:17px\">Klimatisierte Behandlungszimmer<\/li>\n<\/ul>\n<\/div>\n\n\n\n<div class=\"wp-block-column is-layout-flow wp-block-column-is-layout-flow\" style=\"flex-basis:40%\">\n<h3 class=\"wp-block-heading\">\u00d6ffnungszeiten<\/h3>\n\n\n\n<p style=\"font-size:17px\">Montag, Dienstag<br>8:30 &#8211; 12:30 und 14:30 &#8211; 18:00 Uhr<\/p>\n\n\n\n<p style=\"font-size:17px\">Mittwoch, Donnerstag<br>8:30 \u2013 18:00 Uhr durchgehend ge\u00f6ffnet<br>In den Schulferien Mittwoch Nachmittag geschlossen<\/p>\n\n\n\n<p style=\"font-size:17px\">Freitag<br>8:30 \u2013 14:15 Uhr<\/p>\n\n\n\n<p style=\"font-size:17px\">Da wir eine reine Bestellpraxis sind, bitten wir Sie nach M\u00f6glichkeit um eine telefonische Terminvereinbarung. Dies ist wichtig, damit f\u00fcr Sie keine Wartezeiten entstehen.<\/p>\n\n\n\n<h3 class=\"wp-block-heading\">ISO Zertifizierung (Qualit\u00e4tsmanagement)<\/h3>\n\n\n\n<p style=\"font-size:17px\">Unsere Praxis ist seit dem 20.04.2009 nach<br>EN ISO 9001:2000 zertifiziert.<\/p>\n<\/div>\n<\/div>\n\n\n\n<p><\/p>\n","protected":false},"excerpt":{"rendered":"<p>ZahnarztpraxisDr. Sabine G\u00f6hner Diese Seiten geben Ihnen einen \u00dcberblick \u00fcber unsere Zahnarztpraxis in Herford \/ Elverdissen. Sie suchen eine Zahn\u00e4rztin oder einen Zahnarzt?Ganz gleich, mit welchen W\u00fcnschen oder Sorgen Sie zu uns kommen, wir nehmen uns Zeit und erarbeiten mit Ihnen zusammen die richtige Therapie, um Ihre Vorstellungen zu erf\u00fcllen. F\u00fcr Ihr sch\u00f6nes L\u00e4cheln und&hellip;&nbsp;<a href=\"https:\/\/www.zahnteam-herford.de\/\" rel=\"bookmark\">Weiterlesen &raquo;<span class=\"screen-reader-text\">Startseite<\/span><\/a><\/p>\n","protected":false},"author":1,"featured_media":0,"parent":0,"menu_order":0,"comment_status":"closed","ping_status":"closed","template":"","meta":{"neve_meta_sidebar":"","neve_meta_container":"","neve_meta_enable_content_width":"on","neve_meta_content_width":100,"neve_meta_title_alignment":"","neve_meta_author_avatar":"","neve_post_elements_order":"","neve_meta_disable_header":"","neve_meta_disable_footer":"","neve_meta_disable_title":"on","iawp_total_views":4632,"footnotes":""},"class_list":["post-8","page","type-page","status-publish","hentry"],"_links":{"self":[{"href":"https:\/\/www.zahnteam-herford.de\/index.php\/wp-json\/wp\/v2\/pages\/8","targetHints":{"allow":["GET"]}}],"collection":[{"href":"https:\/\/www.zahnteam-herford.de\/index.php\/wp-json\/wp\/v2\/pages"}],"about":[{"href":"https:\/\/www.zahnteam-herford.de\/index.php\/wp-json\/wp\/v2\/types\/page"}],"author":[{"embeddable":true,"href":"https:\/\/www.zahnteam-herford.de\/index.php\/wp-json\/wp\/v2\/users\/1"}],"replies":[{"embeddable":true,"href":"https:\/\/www.zahnteam-herford.de\/index.php\/wp-json\/wp\/v2\/comments?post=8"}],"version-history":[{"count":38,"href":"https:\/\/www.zahnteam-herford.de\/index.php\/wp-json\/wp\/v2\/pages\/8\/revisions"}],"predecessor-version":[{"id":412,"href":"https:\/\/www.zahnteam-herford.de\/index.php\/wp-json\/wp\/v2\/pages\/8\/revisions\/412"}],"wp:attachment":[{"href":"https:\/\/www.zahnteam-herford.de\/index.php\/wp-json\/wp\/v2\/media?parent=8"}],"curies":[{"name":"wp","href":"https:\/\/api.w.org\/{rel}","templated":true}]}}